 Is g prime?
True
Let w(g) = 2499*g**3 + 9*g**2 - 9*g + 1. Let y be 1 - (16/112 + (-8)/7). Is w(y) composite?
False
Suppose 0 = 5*i + 2*w - 97 - 132, i - 38 = -3*w. Let q(z) = 3*z**2 + z - 241. Is q(i) a prime number?
False
Suppose -30 = -3*p - 2*p + 5*j, 0 = 2*p + 5*j - 5. Suppose 3*f + 4236 + 14473 = p*m, -14970 = -4*m + f. Is m prime?
False
Suppose 4*i = 5*i + i. Suppose q - 1911 = -4*h, h = -i - 3. Suppose 0 = -w - 2*w + q. Is w composite?
False
Let x(r) = -2*r + 2*r**2 + 5 + 3*r**3 + 0*r - 3*r. Suppose 2*t = -4, 4*t = -7*f + 11*f - 20. Is x(f) prime?
True
Let y(h) be the third derivative of 827*h**4/12 + 15*h**3/2 - 2*h**2 + 5*h. Is y(4) prime?
True
Let k(a) = -10*a**2 - 221*a + 71. Is k(-20) composite?
False
Let n(l) be the third derivative of -59*l**4/2 - 5*l**3/2 - 22*l**2. Let g be n(-5). Suppose -4*y = 4*j - 2808, j - 2*y = 6*j - g. Is j a composite number?
True
Let f = -442 + 443. Is (f - (-522848)/24)*3 a prime number?
False
Let j = 196568 + 335163. Is j a prime number?
True
Let l(u) = -11*u**3 + 3*u**2 + 3*u + 1. Let w be l(-1). Suppose 0 = w*i - 16*i + 44. Suppose 2984 = -7*p + i*p. Is p prime?
False
Let o = -208 - -208. Suppose o = 17*f - 19890 - 47379. Is f prime?
False
Suppose 4*p - 960300 = -4*k, -2773*k + 2778*k + 40 = 0. Is p composite?
True
Suppose -4*x - 2 = 3*j, 18*j = -4*x + 16*j. Is (4888 + x)*(-15)/(-15) composite?
False
Let u(n) = -n**2 + 32*n - 28. Let w be u(31). Suppose -2*v + 5*c = -1789, 3*v + 2*v + w*c = 4550. Is v prime?
True
Let m = -294 + 434. Suppose -3*y = -5 + m. Let s = -23 - y. Is s a prime number?
False
Suppose -4890*s - 783223 = -4897*s. Is s a prime number?
False
Let w(x) = 11*x**3 + 4. Let v be w(-3). Let s be -4 + v/((-4)/(-4)). Let f = s + 674. Is f a composite number?
True
Suppose 68*k + 8282 - 5588838 = 0. Is k a composite number?
False
Suppose -106*h + 5*a - 33532 = -108*h, h - 4*a = 16727. Is h prime?
False
Let s(c) = c + 15. Let v be s(-13). Suppose 0 = -2*o + 8, -v*l + 1344 = -o - 4450. Is l a composite number?
True
Let r be (-6)/((-48)/50)*-1084. Let h = r - -13743. Suppose -h = 7*q - 15*q. Is q composite?
True
Let p(h) = 4*h**3 - 58*h**2 + 66*h + 109. Is p(41) prime?
True
Suppose 34*p = 29*p + 5475. Suppose -3*z = -6*z + p. Is z prime?
False
Let o(f) = -f**2 - 3*f - 6. Let d be o(-4). Let p(q) = -q**3 - 11*q**2 - 8*q + 14. Let r be p(d). Is (-1322)/r + (-15)/(-9) + -1 a composite number?
True
Suppose 0 = -3*n - 3*j - 15, 2 = 6*n - 10*n + 2*j. Is (n + 0)/(-2 + (-25616)/(-12812)) composite?
False
Suppose -l + 2*a + 0*a = -51, -4*a = -3*l + 143. Suppose 0 = -52*m + l*m + 71555. Is m prime?
False
Let g(r) = 22169*r**3 + 2*r**2 + 13*r - 37. Is g(2) composite?
True
Suppose -2*a = 3*r - 664826, 4986195 = 15*a + 7*r - 4*r. Is a composite?
True
Let a = -897 - -1541. Suppose 0 = -z + 1329 + a. Is z composite?
False
Suppose 0 = -2*d - 4, -d - 2*d = 3*g - 896943. Is g composite?
True
Suppose -4*i + 8*g = -124548, -i + 13724 = 4*g - 17437. Is i composite?
True
Is (-720)/(-540) - (-34937)/3 composite?
True
Suppose 0 = -z - 5, -4*o = z - 26440 - 276271. Is o a prime number?
True
Suppose 12*x - 5784 = -12*x. Let h = 812 - x. Is h prime?
True
Let v(z) = -17 - 113 + 22*z + 3. Is v(11) composite?
True
Let j = -2540 + 8242. Is j prime?
False
Let n(x) = 199916*x**2 - 652*x + 1. Is n(-1) composite?
False
Let q = -40 + 36. Let g be ((-14)/3)/(q/6). Suppose -11*v + g*v + 2324 = 0. Is v composite?
True
Suppose 60570 = -3*l + 21*l. Is (-4)/10*l/(-2) a prime number?
True
Let l = 112 - 123. Let r = -79 + l. Let g = r + 161. Is g composite?
False
Let y(x) = 92*x + 4. Suppose -10 = j + 3*o, j + 5*o + 15 + 3 = 0. Let u be y(j). Let r = u + 149. Is r prime?
True
Suppose 0 = 27*c - 26*c - 32834. Suppose 2*p + 18818 + c = 2*l, -2*l + 51667 = p. Is l composite?
True
Let b(d) = 106*d + 1173. Is b(25) a composite number?
False
Suppose -8*a + 228175 = -2*a + f, 5*a - 190146 = -f. Is a composite?
True
Suppose 12*q + 17290 = 10*q. Let l = q - -14808. Is l prime?
True
Let j be -12*((23/(-276))/(2/(-30)) - 1). Let d(v) = -2 + 5*v - 82*v**3 - 3*v - 4*v + v**2. Is d(j) prime?
False
Is 3378095/5 - (33 - 37) a composite number?
True
Let s(i) = 54*i**3 - 35*i**2 - 8*i + 50. Is s(7) composite?
True
Suppose 202597 = 2*z - 4*r - 79453, -3*z + 2*r + 423071 = 0. Is z composite?
False
Suppose 47*z - 2553398 - 3524752 = 1212161. Is z a prime number?
False
Let m(x) = -20 + 9*x - 24*x**2 - 2*x - 12*x**2 - 3*x**3 - 16*x + 6*x. Is m(-13) a composite number?
True
Let g be (-8)/4*14/7*-1. Suppose -3*t = 3*j - 1131, 2*t + 4*j - 752 = 3*j. Let v = t - g. Is v composite?
True
Let y(b) = 3*b**2 + 63*b + 61. Let k be (6/(-4))/(15/310). Is y(k) a composite number?
False
Is (204909 - 7)*(12/(-4) + 7/2) composite?
False
Suppose -9*b - 66 + 2316 = 0. Is 120866/20 - 75/b prime?
True
Let z(c) = -c**3 + 17*c**2 - 131*c - 956. Is z(-7) a prime number?
False
Suppose 21*x + 7*x = 1357916. Is x a composite number?
False
Let q = 15711 + -9269. Let p = 25 + q. Is p a prime number?
False
Suppose 61*j + j - 32765571 + 9952733 = 0. Is j a composite number?
False
Let u(c) = -2*c**2 + 19*c + 14. Let f be u(10). Suppose 0 = -f*i + 3*h + 49569 - 1913, -4*i + 5*h + 47648 = 0. Is i a prime number?
False
Let x = -105158 + 204919. Is x a prime number?
True
Suppose -4*v + 1587499 - 575139 = 2*i, -3*v + 759243 = -3*i. Is v prime?
False
Let s = -19313 + 35320. Is s a composite number?
False
Suppose -6*a + 20 = -a. Suppose 5*d + a*o = 13790, -3*o - 5504 = -2*d - 7*o. Suppose -4*q + 7680 = -2*f, 4*q + 4*f - 4930 - d = 0. Is q prime?
False
Is -2 + 216/12 - -723355 composite?
True
Let v(s) = 1836*s + 145. Let k be v(8). Let b = k + -6200. Is b a prime number?
False
Suppose 35*y = 4*y + 15*y + 628464. Is y composite?
True
Suppose 0 = 7*j - 17*j - 8*j + 521622. Is j composite?
False
Suppose 0 = -3*o - 0*o + o. Suppose -4*x + o*n + 5*n + 379 = 0, 0 = 4*x + n - 409. Let c = 738 + x. Is c a composite number?
False
Let m(f) be the first derivative of f**2 + 17*f - 14. Let a be m(-6). Suppose g - 1255 = -3*k - g, a*k - 5*g = 2100. Is k prime?
True
Suppose 5*z - 25*p + 26*p = 70151, -3*p - 14011 = -z. Is z a prime number?
True
Suppose -65*n + 13*n + 4605713 - 493293 = 0. Is n composite?
True
Let v = -4103 - -6636. Let y = v + -1650. Suppose -7*g - 5*d - 3472 = -11*g, -5*d = -g + y. Is g composite?
False
Let z be (-3 - 0 - -9) + -2 - -32. Is z/4 - 2 - -5380 composite?
False
Let x(t) = -5*t**3 - 6*t**2 - 7*t - 7. Let q be x(-5). Suppose -5*u = -3*p + 227, -3*u = 5*p - 4*u - 415. Let f = p + q. Is f a composite number?
False
Let i be (-2)/(-8)*-6*(-4)/2. Suppose 0 = -2*c + 4*c - 5*y - 17, 3*c - i*y = 12. Is 2*131/(-4)*(c + -15) prime?
False
Let g(n) = -n. Let c be g(0). Suppose 0 = -c*q + q. Suppose q = 2*h - 7*h + 1595. Is h prime?
False
Let c(o) be the first derivative of 25*o**4/6 - 5*o**3/6 - 29*o**2/2 - 6. Let j(q) be the second derivative of c(q). Is j(12) a prime number?
False
Suppose -6*g + 2 = -16. Let i be (9882/(-10) + g)/((-3)/20). Suppose 3*m + 5*m - i = 0. Is m a composite number?
False
Let r = 9449 - 6009. Suppose -2*g + r = -4*o - 2716, 2*g - 6180 = -2*o. Is (-1)/(((-10)/g)/5) a prime number?
True
Suppose 3*g = -3, 0*r - 15 = -4*r - g. Suppose f + r = 4. Suppose 5*s - 3*y = y + 3267, f = -4*s + 4*y + 2612. Is s a composite number?
True
Let h(i) = i + 17. Suppose 96 = -4*t - 2*t. Let s be h(t). Is (s + -2)/(3 - 2766/921) composite?
False
Let p = -36 + 260. Suppose -12*j + 820 = -p. Is j prime?
False
Let y(x) = -23*x**3 - 12*x**2 + 45. Is y(-8) prime?
False
Let y(j) = -258*j - 5. Suppose p = -14 + 7. Is y(p) a composite number?
False
Let q be (-24)/(-10) - (-9)/15. Suppose -4*d = -2*h - 22, q*h = 5*h + 2. Suppose 4*v - d*f = -0*f + 104, -5*v + 3*f = -143. Is v a prime number?
True
Let l be (6*4/(-18))/(1/6). Let g(u) = 44*u**2 + 10*u + 51. Is g(l) a prime number?
False
Suppose -2*y = -823 - 20459. Suppose 0 = 5*d - 2*l - 2*l - 10649, 5*d - y = -4*l. Is d a composite number?
False
Let h = -6 + 13. Suppose -2*m - 6 = 2*l, -h*m + 11*m - 5*l - 33 = 0. Suppose 0 = -4*p, -3*c = -c - m*p - 6522. Is c a prime number?
False
Suppose 8*t + 2*q = 11*t - 49938, 5*q - 16646 = -t. Suppose 0 = 2*z + 2*u - t, -u + 20 = 24. Is z a composite number?
True
Let x be (-5435)/12 + (-19)/228. Let t =